the greatest common divisor of l and 384.
12
Let a = 237 + -229. What is the greatest common divisor of a and 14?
2
Let d be (-1)/((-2)/(-1788)*-2). Let t = 681 - d. Let s = 297 - 271. Calculate the greatest common divisor of t and s.
26
Let i(j) = -4*j - 1. Let x be i(-1). Suppose -3*m + 7 = 2*l + 2*m, 0 = x*l + 2*m + 6. Let y be 24/16 - 314/l. What is the highest common factor of 10 and y?
10
Let i be (3 - 60/16)*-36. Suppose 0 = -x + 5*g + 63 - 16, 4*x - 3*g - 120 = 0. Suppose -4*z + 9 = -x. Calculate the greatest common divisor of z and i.
9
Let t(i) = 14*i + 6. Let v be t(6). Let c be (-5598)/102 + (-2)/17. Let x = c + 65. Calculate the highest common divisor of x and v.
10
Let k = 17 + -43. Let v = k + 30. Suppose 2*a - 3*y = y + 90, 3*a = -v*y + 165. Calculate the highest common factor of 17 and a.
17
Let m(w) = w**2 - 6*w + 2. Let h be m(7). Suppose 5*k + h = 2*i, i = k + 4*k - 3. What is the greatest common factor of i and 12?
12
Let s(k) = 2*k**2 + 10*k - 9. Let d be s(-6). Suppose 258 = d*n - 66. Calculate the highest common factor of 18 and n.
18
Let c be (-17)/(-5) - (-2)/(-5). Let d be 0 + c - (-7 - -8). What is the greatest common factor of 2 and d?
2
Suppose t + 1706 = 4*i, -t + 288 + 1414 = 4*i. What is the highest common divisor of 12 and i?
6
Let d be (-2)/(-6) - (-9)/((-189)/(-77)). Suppose -1 = 4*t + 47. Let u be (-35)/(-5) + t/d. Calculate the greatest common factor of 10 and u.
2
Let q = 33 - 16. Suppose q + 11 = 4*g. Suppose -17 = u + 4*z, 4*u + z + 0 - g = 0. Calculate the highest common divisor of u and 9.
3
Suppose 2*h + 4*h = 1572. Suppose -2*v = 2*b - 256, -6*b = -4*b + 5*v - h. What is the greatest common divisor of b and 14?
14
Let o = -90 - -127. Let n = -386 + 793. What is the highest common divisor of o and n?
37
Suppose 13*f - 112*f + 16038 = 0. Let g be -12*((-1)/2 - 1). What is the highest common factor of f and g?
18
Suppose -q = -5*j + 1510 + 6614, 0 = -4*q + 4. Calculate the highest common factor of 13 and j.
13
Let o = -37 - -135. What is the greatest common divisor of o and 49?
49
Let h(a) = 312*a + 9. Let y(g) = -39*g - 1. Let l(n) = -6*h(n) - 51*y(n). Let p be l(2). Let u = 488 + -467. Calculate the greatest common divisor of u and p.
21
Let z(m) = -m + 32. Suppose 6*i - 16 = 86. Let j be z(i). What is the greatest common factor of j and 30?
15
Let d(b) = b**2 + 11*b + 3. Let y be d(-10). Let i(t) = 4*t**2 + 28*t + 1. Let o be i(y). Calculate the greatest common factor of 2 and o.
1
Let w be -3 + 3 - (2 + -2). Suppose 0*j - 4*j + 288 = w. What is the highest common factor of j and 180?
36
Let x(u) = 25*u**2 - 21*u + 41. Let g be x(2). What is the greatest common divisor of g and 11?
11
Suppose -10*m = 8*m - 180. What is the greatest common factor of 320 and m?
10
Let v = -75 + 250. Let x = 155 + 108. Let u = x - v. What is the greatest common factor of u and 8?
8
Let k = -702 - -714. What is the greatest common divisor of 300 and k?
12
Let z be (-60)/(-36) - (-6)/(36/170). What is the greatest common factor of 255 and z?
15
Suppose 3*k - 1 = 29. Let d(y) = y**3 - 3*y**2 - 5*y + 6. Suppose 5*a - 2*a - 12 = 0. Let s be d(a). Calculate the greatest common factor of s and k.
2
Let d = 1133 + -553. What is the greatest common divisor of d and 58?
58
Let w(q) = q**3 + 5*q**2. Let x be w(-5). Let u be 12/6 + 10 + x. Suppose -13*f + 34 = -u*f. What is the highest common factor of 85 and f?
17
Suppose 5*i - 4*x - 406 = 0, 15*x = -3*i + 17*x + 244. Calculate the highest common factor of i and 205.
41
Let k = -1262 - -1282. Let h = 400 + -261. Let d = -19 + h. Calculate the highest common divisor of k and d.
20
Let a = -7 - -22. Let q = -75 - -211. Let x = q + -91. What is the greatest common factor of x and a?
15
Let p = 103 + -63. Suppose 3*t + 0*t - 285 = -5*l, t + 185 = 3*l. Let a = l - p. Calculate the highest common divisor of a and 2.
2
Suppose 4 = t + 10. Let m be (-270)/(-35) + t/(-21). Suppose 245 - 86 = 5*n + b, 5*b = -5*n + 155. Calculate the greatest common divisor of n and m.
8
Let u = 116 + 9. Suppose -4*t = o - u, -5*o + 0*o + 609 = 4*t. Suppose 0*p - 36 = -3*v + 3*p, -p + 32 = 3*v. Calculate the highest common divisor of v and o.
11
Suppose -5*q + 820 = -2555. What is the highest common factor of q and 18?
9
Suppose 2*w = -3*s - 2*w + 12, -s = 3*w + 1. What is the highest common factor of 60 and s?
4
Let n = -101 + 103. Calculate the greatest common factor of 58 and n.
2
Suppose 9*s - 186 = 4*s + 2*w, -5*s - 4*w = -168. Calculate the greatest common divisor of s and 18.
18
Suppose 2*k - 8 = -4*i - 0*k, 0 = -2*i + 3*k + 20. Suppose c = -3*b + 5*c + 173, b + i*c = 47. What is the greatest common divisor of b and 5?
5
Let m(t) = -26*t. Suppose -2*q - 7 - 7 = 0. Let h be m(q). Suppose 4*k - 5*k = y - 49, 0 = -3*y + 4*k + h. Calculate the highest common factor of 6 and y.
6
Suppose 3*r = -2*x + 53, x + 27 = r + 4*x. Suppose r = -5*q, l + 2*l - 249 = 2*q. Let b be 2 + -3 + 2 + 8. Calculate the greatest common factor of b and l.
9
Suppose -4*z + 12 = -8. Suppose -6*b + 122 = -118. What is the highest common divisor of z and b?
5
Let p = -441 + 874. Suppose p = 5*d - 447. Calculate the highest common factor of d and 16.
16
Let p be (-2 + 1)/(1/(-15)). Suppose 0*v - 5*v = 0. Suppose -5*g + 170 = 4*t - v*g, -3*t = -2*g - 139. Calculate the highest common divisor of t and p.
15
Let n(o) be the third derivative of 0*o + 7/6*o**3 + 0 - 7*o**2 - 1/24*o**4. Let b be n(-4). What is the greatest common factor of b and 11?
11
Let v = -8 - -42. Let s(c) = c**3 + 6*c**2 + 8*c - 6. Let y be s(-5). Let l be ((-102)/4)/(y/42). What is the highest common divisor of l and v?
17
Suppose -2*v + z + 589 - 130 = 0, 0 = 3*z - 9. What is the highest common divisor of 22 and v?
11
Let i = -21 + 22. Let p be 2 - (-14 + i - 1). What is the greatest common divisor of p and 4?
4
Let w be (((-252)/(-35))/12)/((-1)/(-85)). Let p = 7 - 4. What is the highest common divisor of p and w?
3
Suppose -3*h + 172 = 163. What is the greatest common factor of 9 and h?
3
Suppose 2*r - 12 + 88 = 0. Let o = -32 - r. Suppose 5*p - 2*y - 98 = 0, 0*y = 3*p - 2*y - 62. Calculate the greatest common divisor of o and p.
6
Let l = -42 + 134. Let f = 117 - l. Suppose 449 = 2*x - y - 0*y, 3*x + y - 676 = 0. Calculate the highest common divisor of f and x.
25
Let n(c) = c**3 - 10*c**2 + 2*c - 16. Let o be n(10). Suppose 9*y - 70 = -o*p + 10*y, -3*y = -2*p + 30. Calculate the highest common divisor of p and 2.
2
Let p(x) = 2*x - 5. Let a be p(5). Let k be ((-104)/65)/((-2)/a). Calculate the greatest common divisor of 44 and k.
4
Let u = 27 - 18. Suppose -u = -r - 1. What is the highest common divisor of 12 and r?
4
Suppose 36 = -28*a + 31*a. Let g = -8 + 11. Suppose g*m = -w + 16, 10*w + 10 = 5*w. Calculate the greatest common factor of m and a.
6
Suppose z = 3*z - 8. Suppose 216 = y + 5*y. Calculate the greatest common divisor of z and y.
4
Let z be 146*(-10)/(-20) + 3 + 0. Calculate the highest common factor of 342 and z.
38
Let w be ((-54)/(-10))/((-40)/(-1400)). Calculate the greatest common factor of w and 42.
21
Let i = 10 - 6. Suppose -256 = -14*k + 6*k. What is the highest common factor of i and k?
4
Let o = -1185 + 1650. Calculate the highest common factor of o and 62.
31
Suppose -z + 3*p + 25 = 0, 4*p + 20 = -p. Calculate the highest common factor of 13 and z.
13
Suppose 2*p - 30 = 7*p. Let l be (-1 - p) + 1*(6 + -4). What is the greatest common divisor of 63 and l?
7
Let n = 3 - -2. Suppose o - 49 = -5*v, n*o - v = 3*v + 100. Suppose 0 = -z + o + 56. What is the greatest common factor of 10 and z?
10
Let f = 67 - 35. Suppose k - 4*u = 240, 1246 - 362 = 4*k + 3*u. What is the greatest common divisor of f and k?
32
Let r(s) = s**3 - 32*s**2 + 62*s - 50. Let o be r(30). What is the highest common divisor of 320 and o?
10
Let v(u) = 2*u + 4. Let q be v(-5). Let a = q - 5. Let d = 9 - a. Calculate the highest common divisor of d and 20.
20
Let u = -1422 - -1807. What is the greatest common factor of 110 and u?
55
Suppose 3*o + j - 1079 = 0, -2*o + 2*j = -2*j - 724. Suppose -8*q + o = -3*q. Let m = 120 - q. What is the greatest common factor of 72 and m?
24
Let w be (0 - -2)*418/4. Suppose 0 = 5*l - w - 266. What is the highest common factor of l